e
Is 90121 a prime number?
True
Is 7444139 composite?
True
Is 239306209 prime?
False
Is 8203133 composite?
False
Is 67286057 composite?
False
Is 263107993 prime?
True
Is 1566631 prime?
False
Is 1043047 composite?
False
Is 2001847 prime?
True
Is 12200593 prime?
True
Is 14902717 a prime number?
False
Is 8588059 composite?
False
Is 16047914 a composite number?
True
Is 3972983 composite?
True
Is 168974473 prime?
True
Is 76892051 prime?
True
Is 15174413 a prime number?
False
Is 30076039 a prime number?
False
Is 16495 prime?
False
Is 1925381 prime?
True
Is 5589986 composite?
True
Is 17645921 prime?
False
Is 700751 prime?
True
Is 17675299 a prime number?
False
Is 290258455 a composite number?
True
Is 9458719 a prime number?
False
Is 26646419 composite?
True
Is 34381797 a prime number?
False
Is 15763701 prime?
False
Is 9427609 composite?
True
Is 20911157 prime?
True
Is 15763367 a prime number?
False
Is 59171059 a composite number?
False
Is 1858183 a prime number?
True
Is 64885609 composite?
False
Is 2398339 composite?
False
Is 126124247 prime?
True
Is 188483111 prime?
False
Is 592499753 composite?
False
Is 2444395 a prime number?
False
Is 1572743 prime?
False
Is 725882 a composite number?
True
Is 24789389 a composite number?
False
Is 25168613 a composite number?
False
Is 3365981 a composite number?
True
Is 4837253 a prime number?
False
Is 6508247 prime?
True
Is 3364649 a prime number?
True
Is 35228981 prime?
False
Is 376959937 composite?
True
Is 20731447 composite?
True
Is 38274671 composite?
False
Is 4715407 a prime number?
True
Is 818047 a prime number?
False
Is 1538519 prime?
True
Is 104587999 a prime number?
False
Is 128029561 composite?
True
Is 7579571 a prime number?
True
Is 6423589 composite?
False
Is 3621139 prime?
True
Is 1240153 a composite number?
False
Is 630240253 a composite number?
True
Is 61193791 composite?
True
Is 446758037 a prime number?
False
Is 2409137 composite?
False
Is 40099049 a composite number?
False
Is 78015043 a composite number?
False
Is 45332498 prime?
False
Is 12002741 a composite number?
True
Is 29148901 a prime number?
True
Is 10255367 a prime number?
True
Is 117139727 prime?
False
Is 435655133 a composite number?
True
Is 76580015 prime?
False
Is 1274587 a prime number?
False
Is 21279949 a prime number?
True
Is 1269641 a prime number?
True
Is 18809717 composite?
True
Is 635573 a composite number?
True
Is 699401 composite?
False
Is 968167 prime?
False
Is 377393 a prime number?
True
Is 708578701 a composite number?
True
Is 249622549 a composite number?
True
Is 122517478 composite?
True
Is 18622865 prime?
False
Is 460807163 prime?
False
Is 6607021 composite?
True
Is 3121033 a prime number?
True
Is 2305607 composite?
False
Is 1748587 a composite number?
False
Is 7181687 prime?
True
Is 163854923 composite?
False
Is 174044977 composite?
False
Is 144691 a composite number?
True
Is 7593301 prime?
True
Is 743 composite?
False
Is 6398521 prime?
False
Is 1800677 a composite number?
False
Is 128072423 a prime number?
True
Is 40049398 prime?
False
Is 1110691 composite?
True
Is 27304987 composite?
False
Is 12872681 a composite number?
False
Is 96734233 composite?
True
Is 519989 composite?
False
Is 1686779 a composite number?
False
Is 171838694 a composite number?
True
Is 384994 prime?
False
Is 192905171 a composite number?
True
Is 16310867 a composite number?
True
Is 670965283 a composite number?
False
Is 199111547 prime?
True
Is 755161697 a prime number?
False
Is 62358047 a prime number?
True
Is 6288341 a prime number?
False
Is 1422877 composite?
False
Is 2205199 a composite number?
False
Is 12833449 a prime number?
False
Is 12671947 composite?
True
Is 1490991 composite?
True
Is 1561633 a prime number?
True
Is 736669 prime?
False
Is 937385 prime?
False
Is 547144181 a prime number?
True
Is 25491311 a composite number?
False
Is 17511603 a composite number?
True
Is 3620033 composite?
False
Is 250854827 prime?
True
Is 14259307 composite?
True
Is 285318283 a prime number?
False
Is 2437957 a composite number?
True
Is 1067723 a prime number?
False
Is 1091393 composite?
False
Is 22100393 a prime number?
False
Is 106692995 a prime number?
False
Is 175134907 composite?
False
Is 106391 a composite number?
False
Is 10407233 a prime number?
False
Is 1082279 prime?
False
Is 321684229 composite?
False
Is 137784131 a composite number?
True
Is 279533 a composite number?
True
Is 4614341 a composite number?
False
Is 2259659 a composite number?
True
Is 254681803 composite?
False
Is 419177813 a prime number?
False
Is 18292003 a prime number?
False
Is 2054267 composite?
True
Is 9091 composite?
False
Is 6444041 composite?
False
Is 2376047 composite?
False
Is 16117253 a composite number?
False
Is 10193357 composite?
False
Is 11945077 a composite number?
True
Is 6495737 a composite number?
False
Is 647601037 a composite number?
False
Is 3784751 a composite number?
True
Is 6218581 composite?
False
Is 40143259 a prime number?
False
Is 1808801 prime?
True
Is 1781771 a prime number?
True
Is 962233 a composite number?
False
Is 849401 composite?
True
Is 204669365 a composite number?
True
Is 48973267 a composite number?
True
Is 38219593 a composite number?
True
Is 4112881 prime?
True
Is 6059233 a prime number?
False
Is 13603001 a prime number?
False
Is 455969 prime?
True
Is 281064863 prime?
True
Is 27645643 composite?
False
Is 133613666 a composite number?
True
Is 828493 a prime number?
False
Is 1902947 prime?
False
Is 14499491 composite?
False
Is 29022442 prime?
False
Is 164409319 a composite number?
False
Is 46015849 composite?
True
Is 156487321 a composite number?
False
Is 7678843 a composite number?
True
Is 32613963 a composite number?
True
Is 8399819 a composite number?
True
Is 381428241 composite?
True
Is 13121789 a composite number?
True
Is 528401 a composite number?
False
Is 4286393 a composite number?
False
Is 277369 prime?
False
Is 575401 prime?
True
Is 12098095 a prime number?
False
Is 7999151 composite?
False
Is 46720099 prime?
False
Is 1087139 composite?
True
Is 132575323 a prime number?
True
Is 3239927 a composite number?
False
Is 594343 a prime number?
False
Is 20926959 a composite number?
True
Is 109847971 composite?
True
Is 2826751 composite?
True
Is 4849787 prime?
True
Is 61690661 a prime number?
True
Is 77482205 composite?
True
Is 21493327 composite?
True
Is 213343 prime?
False
Is 242624653 a prime number?
True
Is 56725765 a composite number?
True
Is 139463 a composite number?
True
Is 365942959 prime?
False
Is 9835955 prime?
False
Is 169314011 prime?
False
Is 63915611 a composite number?
False
Is 7551691 a composite number?
True
Is 97193869 composite?
True
Is 55365641 a prime number?
True
Is 12144217 prime?
True
Is 57506759 prime?
True
Is 5176693 a prime number?
True
Is 116079013 a composite number?
True
Is 374603 a composite number?
False
Is 56191337 a prime number?
True
Is 14834353 composite?
True
Is 96183133 a composite number?
True
Is 1416791 a prime number?
False
Is 15780091 prime?
True
Is 125478509 prime?
False
Is 8198801 prime?
False
Is 21616921 a composite number?
False
Is 5635933 prime?
False
Is 25196383 a composite number?
False
Is 139727 a prime number?
False
Is 37743107 composite?
False
Is 226824511 a prime number?
True
Is 40698059 a prime number?
True
Is 7639031 prime?
True
Is 1280251 composite?
True
Is 2808149 composite?
False
Is 72394969 a prime number?
True
Is 138930167 composite?
True
Is 1902497 a prime number?
True
Is 621473 composite?
False
Is 79512007 a composite number?
False
Is 61430351 a composite number?
False
Is 17592017 prime?
False
Is 135043 composite?
False
Is 126383677 a prime number?
False
Is 2721467 composite?
True
Is 6142481 prime?
False
Is 10887941 a composite number?
False
Is 29066177 a prime number?
False
Is 131479631 composite?
False
Is 69247943 a composite number?
False
Is 8656357 a composite number?
False
Is 76301503 a prime number?
False
Is 279727193 prime?
True
Is 1126429 a composite number?
True
Is 2595371 a composite number?
True
Is 675029 composite?
False
Is 56265737 a composite number?
True
Is 1226417 a composite number?
False
Is 92034557 composite?
True
Is 2467126 a prime number?
False
Is 282887113 a prime number?
False
Is 18127061 composite?
False
Is 186751 prime?
False
Is 241593127 prime?
Fa